(base 7) to base 11
-2
What is -103 (base 6) in base 13?
-30
Convert 6b (base 14) to base 8.
137
2 (base 6) to base 3
2
What is 201 (base 3) in base 5?
34
Convert 101000011 (base 2) to base 14.
191
-11101110 (base 2) to base 8
-356
501 (base 6) to base 9
221
What is 31 (base 4) in base 8?
15
Convert -17 (base 10) to base 7.
-23
What is -1 (base 2) in base 4?
-1
What is 23 (base 7) in base 6?
25
-19 (base 14) to base 9
-25
What is 130 (base 4) in base 12?
24
What is 3 (base 6) in base 10?
3
What is 0 (base 15) in base 2?
0
Convert 10011000 (base 2) to base 3.
12122
Convert 1131 (base 4) to base 7.
162
What is 100 (base 2) in base 15?
4
-c1 (base 13) to base 8
-235
Convert 2 (base 12) to base 14.
2
Convert -1 (base 5) to base 7.
-1
What is 3 (base 4) in base 15?
3
Convert 28 (base 13) to base 15.
24
Convert -4 (base 5) to base 11.
-4
Convert -1100 (base 2) to base 13.
-c
12 (base 16) to base 4
102
What is -10021 (base 3) in base 8?
-130
Convert -52 (base 8) to base 6.
-110
15 (base 10) to base 8
17
Convert -1304 (base 6) to base 8.
-510
What is -365 (base 8) in base 6?
-1045
What is -12 (base 8) in base 9?
-11
What is 2023 (base 5) in base 6?
1115
What is 1 (base 9) in base 4?
1
-1110 (base 3) to base 2
-100111
Convert 22 (base 4) to base 15.
a
Convert 4 (base 12) to base 3.
11
Convert -49 (base 12) to base 3.
-2010
What is -101101 (base 3) in base 12?
-1b4
0 (base 5) to base 11
0
-215 (base 6) to base 14
-5d
What is 5 (base 12) in base 16?
5
What is 10101 (base 2) in base 6?
33
What is 0 (base 2) in base 7?
0
Convert -38 (base 9) to base 15.
-25
What is -1 (base 12) in base 13?
-1
-1011 (base 3) to base 4
-133
What is 48 (base 16) in base 11?
66
What is -10 (base 5) in base 13?
-5
What is 9 (base 14) in base 10?
9
Convert -3202 (base 4) to base 15.
-101
Convert 13 (base 6) to base 4.
21
What is 8 (base 13) in base 14?
8
What is 3 (base 7) in base 9?
3
Convert c (base 16) to base 2.
1100
What is 7 (base 16) in base 5?
12
Convert -23 (base 7) to base 13.
-14
Convert -2 (base 6) to base 11.
-2
0 (base 13) to base 4
0
36 (base 15) to base 7
102
-8 (base 15) to base 13
-8
What is 12 (base 6) in base 9?
8
Convert -54 (base 6) to base 2.
-100010
Convert 13 (base 13) to base 10.
16
Convert ec (base 15) to base 5.
1342
Convert -50 (base 8) to base 16.
-28
Convert 96 (base 13) to base 3.
11120
What is 1021 (base 3) in base 8?
42
118 (base 10) to base 16
76
What is 3 (base 16) in base 12?
3
-8 (base 11) to base 7
-11
What is 133 (base 8) in base 14?
67
Convert 4 (base 6) to base 11.
4
1 (base 10) to base 8
1
What is 26 (base 16) in base 8?
46
Convert 10030 (base 4) to base 16.
10c
-2212 (base 4) to base 5
-1131
What is -250 (base 8) in base 12?
-120
What is 38 (base 9) in base 10?
35
What is 1 (base 10) in base 12?
1
Convert -11 (base 10) to base 9.
-12
What is 120 (base 4) in base 7?
33
What is 244 (base 5) in base 4?
1022
Convert 100 (base 4) to base 8.
20
Convert -3 (base 6) to base 5.
-3
22 (base 3) to base 11
8
What is -1012 (base 7) in base 14?
-1b2
-e (base 16) to base 7
-20
What is a (base 14) in base 2?
1010
What is 102 (base 3) in base 9?
12
What is -3 (base 15) in base 12?
-3
Convert 2 (base 13) to base 14.
2
-535 (base 6) to base 15
-d8
Convert -35 (base 11) to base 10.
-38
Convert -101 (base 2) to base 4.
-11
Convert 3 (base 9) to base 7.
3
What is -10001100 (base 2) in base 7?
-260
Convert 5 (base 10) to base 9.
5
Convert b (base 13) to base 7.
14
What is 1 (base 16) in base 4?
1
1430 (base 5) to base 14
132
What is -6 (base 7) in base 2?
-110
Convert -12 (base 15) to base 5.
-32
-4 (base 9) to base 13
-4
What is -120 (base 10) in base 16?
-78
What is -12 (base 3) in base 12?
-5
What is e0 (base 16) in base 9?
268
Convert 22 (base 3) to base 7.
11
Convert -23 (base 9) to base 2.
-10101
Convert 0 (base 4) to base 3.
0
What is -1111 (base 2) in base 9?
-16
Convert 12 (base 7) to base 6.
13
1 (base 2) to base 3
1
-33 (base 11) to base 15
-26
Convert 42 (base 5) to base 12.
1a
-2 (base 12) to base 10
-2
Convert -211 (base 3) to base 5.
-42
What is 110 (base 3) in base 2?
1100
What is -125 (base 8) in base 10?
-85
0 (base 12) to base 14
0
What is 213 (base 5) in base 13?
46
-3 (base 13) to base 14
-3
Convert -20 (base 3) to base 10.
-6
-1021 (base 3) to base 4
-202
What is -2 (base 12) in base 6?
-2
1 (base 9) to base 6
1
Convert -43 (base 14) to base 7.
-113
What is 187 (base 10) in base 3?
20221
4 (base 6) to base 15
4
Convert 4 (base 12) to base 16.
4
What is 2 (base 3) in base 14?
2
19 (base 14) to base 4
113
Convert 0 (base 14) to base 8.
0
Convert 10000 (base 2) to base 10.
16
-5 (base 10) to base 8
-5
-101 (base 2) to base 4
-11
-3 (base 7) to base 8
-3
What is 1f (base 16) in base 10?
31
Convert -10 (base 11) to base 16.
-b
What is 0 (base 6) in base 5?
0
What is 11100 (base 2) in base 9?
31
Convert -21 (base 6) to base 7.
-16
What is 3 (base 7) in base 16?
3
Convert -10 (base 12) to base 13.
-c
Convert -5 (base 8) to base 10.
-5
Convert 11 (base 2) to base 13.
3
What is -4 (base 16) in base 3?
-11
Convert -12 (base 4) to base 14.
-6
What is 64 (base 8) in base 12?
44
0 (base 11) to base 13
0
Convert -2 (base 16) to base 9.
-2
-1001000 (base 2) to base 4
-1020
What is 14 (base 14) in base 12?
16
What is -52 (base 14) in base 8?
-110
3 (base 10) to base 4
3
-3 (base 14) to base 7
-3
What is -71 (base 10) in base 15?
-4b
-211 (base 8) to base 3
-12002
Convert -18 (base 10) to base 14.
-14
Convert 53 (base 13) to base 6.
152
What is 10 (base 2) in base 6?
2
What is 51 (base 9) in base 15?
31
Convert -7 (base 10) to base 16.
-7
3 (base 5) to base 10
3
7 (base 14) to base 11
7
Convert 3 (base 4) to base 14.
3
Convert -1100 (base 3) to base 6.
-100
What is 10 (base 6) in base 7?
6
What is -3 (base 8) in base 9?
-3
What is -4 (base 15) in base 5?
-4
Convert 8 (base 15) to base 9.
8
Convert -246 (base 10) to base 8.
-366
Convert -2d (base 15) to base 5.
-133
10 (base 2) to base 10
2
What is -21 (base 3) in base 14?
-7
What is 6 (base 9) in base 15?
6
-110 (base 13) to base 5
-1212
-1 (base 2) to base 9
-1
1 (base 14) to base 8
1
What is 100 (base 2) in base 11?
4
Convert -17 (base 15) to base 9.
-24
14 (base 8) to base 9
13
-20 (base 4) to base 8
-10
What is 140 (base 12) in base 16?
c0
0 (base 2) to base 15
0
Convert 6 (base 15) to base 4.
12
-9 (base 16) to base 7
-12
Convert 33 (base 12) to base 15.
29
Convert -2b (base 13) to base 6.
-101
What is 12 (base 7) in base 10?
9
-20 (base 12) to base 13
-1b
Convert -2a (base 12) to base 6.
-54
Convert -22 (base 6) to base 15.
-e
-2 (base 15) to base 4
-2
Convert 1 (base 13) to base 4.
1
What is -3 (base 8) in base 9?
-3
4 (base 10) to base 14
4
What is 1100001 (base 2) in base 7?
166
Convert -152 (base 11) to base 13.
-109
What is 13 (base 4) in base 8?
7
What is -5 (base 15) in base 3?
-12
What is 286 (base 9) in base 7?
462
3 (base 4) to base 15
3
-4 (base 14) to base 13
-4
What is -177 (base 8) in base 13?
-9a
Convert 22 (base 8) to base 6.
30
Convert -1330 (base 4) to base 10.
-124
What is 0 (base 13) in base 16?
0
What is 21102 (base 3) in base 16?
c8
What is 11 (base 3) in base 9?
4
What is -34 (base 11) in base 3?
-1101
What is 15 (base 13) in base 14?
14
Convert -24 (base 10) to base 4.
-120
Convert -1233 (base 5) to base 7.
-364
71 (base 13) to base 4
1130
What is 2 (base 8) in base 4?
2
Convert -5 (base 7) to base 4.
-11
What is 10 (base 3) in base 14?
3
Convert 120 (base 3) to base 4.
33
Convert 19 (base 13) to base 11.
20
What is -53 (base 12) in base 7?
-120
2 (base 14) to base 16
2
-116 (base 14) to base 10
-216
Convert -3 (base 11) to base 14.
-3
Convert -30 (base 9) to base 16.
-1b
0 (base 8) to base 11
0
8 (base 15) to base 10
8
Convert -42 (base 10) to base 6.
-110
What is 121 (base 5) in base 10?
36
Convert 18 (base 12) to base 7.
26
-5 (base 13) to base 3
-12
What is 11 (base 3) in base 12?
4
614 (base 8) to base 6
1500
Convert -45 (base 8) to base 13.
-2b
1 (base 8) to base 6
1
Convert 100 (base 7) to base 16.
31
Convert 0 (base 2) to base 10.
0
Convert -2 (base 12) to base 14.
-2
What is -1222 (base 4) in base 12?
-8a
What is 5 (base 6) in base 11?
5
What is -2 (base 12) in base 5?
-2
-4 (base 16) to base 8
-4
What is 278 (base 9) in base 12?
175
What is -52 (base 11) in b